 3501 is divided by 1691.
119
Calculate the remainder when 156016 is divided by 52005.
1
What is the remainder when 246 is divided by 7?
1
What is the remainder when 5933 is divided by 288?
173
Calculate the remainder when 26844 is divided by 27.
6
What is the remainder when 248 is divided by 185?
63
Calculate the remainder when 5244 is divided by 907.
709
What is the remainder when 754 is divided by 233?
55
Calculate the remainder when 2697 is divided by 3.
0
What is the remainder when 153850 is divided by 5698?
4
What is the remainder when 6716 is divided by 130?
86
Calculate the remainder when 41585 is divided by 20791.
3
Calculate the remainder when 213053 is divided by 38.
25
Calculate the remainder when 7251 is divided by 38.
31
What is the remainder when 3309 is divided by 206?
13
Calculate the remainder when 6004 is divided by 23.
1
What is the remainder when 9169 is divided by 10?
9
What is the remainder when 41816 is divided by 5217?
80
Calculate the remainder when 3808 is divided by 633.
10
Calculate the remainder when 689 is divided by 223.
20
Calculate the remainder when 89059 is divided by 873.
13
Calculate the remainder when 1996 is divided by 306.
160
Calculate the remainder when 4518 is divided by 771.
663
Calculate the remainder when 15230 is divided by 59.
8
Calculate the remainder when 40011 is divided by 351.
348
Calculate the remainder when 15874 is divided by 992.
2
Calculate the remainder when 8367 is divided by 129.
111
Calculate the remainder when 9451 is divided by 3005.
436
What is the remainder when 8709 is divided by 22?
19
Calculate the remainder when 41981 is divided by 181.
170
What is the remainder when 3015 is divided by 36?
27
What is the remainder when 43878 is divided by 242?
76
What is the remainder when 90432 is divided by 316?
56
Calculate the remainder when 1614444 is divided by 25626.
6
Calculate the remainder when 209 is divided by 185.
24
What is the remainder when 2585 is divided by 643?
13
What is the remainder when 1765710 is divided by 1076?
1070
What is the remainder when 20694 is divided by 50?
44
What is the remainder when 39857 is divided by 204?
77
Calculate the remainder when 2540 is divided by 250.
40
Calculate the remainder when 149231 is divided by 3927.
5
What is the remainder when 6346 is divided by 1579?
30
What is the remainder when 5112 is divided by 2830?
2282
What is the remainder when 10758 is divided by 10742?
16
Calculate the remainder when 14988 is divided by 3742.
20
What is the remainder when 11605 is divided by 1933?
7
What is the remainder when 91804 is divided by 67?
14
Calculate the remainder when 828 is divided by 86.
54
What is the remainder when 321 is divided by 33?
24
What is the remainder when 463018 is divided by 9646?
10
What is the remainder when 3868 is divided by 540?
88
Calculate the remainder when 12937 is divided by 1803.
316
What is the remainder when 24136 is divided by 6033?
4
Calculate the remainder when 11547 is divided by 46.
1
What is the remainder when 266 is divided by 46?
36
Calculate the remainder when 1127 is divided by 33.
5
Calculate the remainder when 2652 is divided by 21.
6
What is the remainder when 78871 is divided by 104?
39
What is the remainder when 5252 is divided by 5250?
2
What is the remainder when 1209 is divided by 1129?
80
What is the remainder when 77479 is divided by 44?
39
Calculate the remainder when 276761 is divided by 746.
741
Calculate the remainder when 406829 is divided by 35.
24
Calculate the remainder when 7431 is divided by 35.
11
What is the remainder when 61616 is divided by 47?
46
Calculate the remainder when 892 is divided by 109.
20
What is the remainder when 1182 is divided by 190?
42
What is the remainder when 28465 is divided by 45?
25
Calculate the remainder when 61719 is divided by 26.
21
What is the remainder when 6735 is divided by 4?
3
What is the remainder when 19138 is divided by 13?
2
What is the remainder when 108638 is divided by 398?
382
What is the remainder when 261711 is divided by 823?
820
What is the remainder when 4930 is divided by 1033?
798
Calculate the remainder when 6923 is divided by 497.
462
What is the remainder when 122836 is divided by 664?
660
What is the remainder when 6402 is divided by 121?
110
What is the remainder when 22651 is divided by 444?
7
Calculate the remainder when 2991988 is divided by 1001.
1000
Calculate the remainder when 416624 is divided by 416589.
35
Calculate the remainder when 74283 is divided by 93.
69
What is the remainder when 760406 is divided by 639?
635
What is the remainder when 152110 is divided by 75?
10
What is the remainder when 23694 is divided by 355?
264
Calculate the remainder when 12601 is divided by 2518.
11
What is the remainder when 15700 is divided by 3873?
208
What is the remainder when 1460 is divided by 1442?
18
What is the remainder when 2266 is divided by 1060?
146
What is the remainder when 2421 is divided by 853?
715
Calculate the remainder when 532106 is divided by 88684.
2
Calculate the remainder when 2819 is divided by 884.
167
Calculate the remainder when 136 is divided by 62.
12
What is the remainder when 277085 is divided by 297?
281
What is the remainder when 226543 is divided by 4195?
13
Calculate the remainder when 1933 is divided by 594.
151
Calculate the remainder when 220782 is divided by 191.
177
What is the remainder when 2094 is divided by 547?
453
Calculate the remainder when 30986 is divided by 25.
11
What is the remainder when 1664471 is divided by 13210?
11
Calculate the remainder when 31820 is divided by 7952.
12
Calculate the remainder when 9801 is divided by 432.
297
What is the remainder when 138342 is divided by 1203?
1200
What is the remainder when 4481 is divided by 875?
106
What is the remainder when 1394 is divided by 545?
304
Calculate the remainder when 22780 is divided by 6.
4
Calculate the remainder when 60330 is divided by 221.
218
Calculate the remainder when 39186 is divided by 149.
148
What is the remainder when 3184 is divided by 188?
176
Calculate the remainder when 53334 is divided by 351.
333
What is the remainder when 3736 is divided by 351?
226
What is the remainder when 9270 is divided by 225?
45
Calculate the remainder when 1364 is divided by 1331.
33
Calculate the remainder when 5036 is divided by 210.
206
What is the remainder when 14038 is divided by 54?
52
Calculate the remainder when 7597 is divided by 533.
135
Calculate the remainder when 250394 is divided by 46.
16
Calculate the remainder when 974 is divided by 295.
89
Calculate the remainder when 237177 is divided by 79056.
9
What is the remainder when 54 is divided by 2?
0
Calculate the remainder when 2492 is divided by 442.
282
What is the remainder when 4528 is divided by 1032?
400
Calculate the remainder when 4297374 is divided by 903.
900
Calculate the remainder when 18298 is divided by 516.
238
Calculate the remainder when 602594 is divided by 29.
3
What is the remainder when 102775 is divided by 232?
231
What is the remainder when 376407 is divided by 1354?
1349
What is the remainder when 4328 is divided by 88?
16
Calculate the remainder when 13741 is divided by 139.
119
Calculate the remainder when 4677 is divided by 2199.
279
What is the remainder when 36461 is divided by 143?
139
What is the remainder when 16186 is divided by 8?
2
Calculate the remainder when 42877 is divided by 22.
21
What is the remainder when 21004 is divided by 210?
4
Calculate the remainder when 52088 is divided by 127.
18
What is the remainder when 37636 is divided by 123?
121
What is the remainder when 10225 is divided by 180?
145
Calculate the remainder when 13230 is divided by 39.
9
Calculate the remainder when 19863 is divided by 34.
7
Calculate the remainder when 42591 is divided by 3042.
3
Calculate the remainder when 1304446 is divided by 251.
250
What is the remainder when 9360 is divided by 142?
130
Calculate the remainder when 252981 is divided by 12.
9
Calculate the remainder when 87055 is divided by 443.
227
Calculate the remainder when 164918 is divided by 190.
188
What is the remainder when 830 is divided by 810?
20
Calculate the remainder when 7689 is divided by 7660.
29
Calculate the remainder when 170617 is divided by 38.
35
